i and b?
4
Let r be ((-1)/2)/((-2)/56). Let i be (6/(-10) - 38/(-30))*3. Calculate the greatest common factor of r and i.
2
Suppose -2*d = -2*r, -2*r + 5 = -0*r - d. Suppose -4*s - 568 = -5*p, -r*p + s + 482 = -80. What is the greatest common divisor of 14 and p?
14
Suppose -4*p + 15 = -3*p. Let c = -22 + 28. Calculate the greatest common divisor of c and p.
3
Suppose 3 + 1 = r + 2*w, -4*r = 5*w - 16. Let x be (-36 + r)/((-2)/5). What is the highest common factor of x and 32?
16
Let b(c) be the second derivative of -3*c + 2*c**2 + 0 - 5/3*c**3. Let r be b(-4). What is the greatest common divisor of r and 110?
22
Let v(j) = j**3 + 3*j**2 - 6*j**3 + 2*j**3 - 2 + 4*j**3 - 6*j. Let t be v(-4). Calculate the greatest common factor of t and 18.
6
Let r = 8 - -10. Let o = -22 - -16. Let a(n) = n**2 - n + 3. Let y be a(o). What is the highest common factor of r and y?
9
Let i be -24*(-2 - 6/(-4)). Let u = 18 - 29. Let x be (-2)/u - 922/(-11). Calculate the greatest common factor of i and x.
12
Let b = -416 + 705. Suppose 202 = t + 4*u, b = t + 5*u + 86. Calculate the greatest common divisor of 18 and t.
18
Let d = 3 - 1. Suppose 2*p - 7 = -n, 5*n + p - 7 = 5*p. Suppose d*t = 5*t - n. What is the highest common divisor of t and 10?
1
Let r be (-3)/(-2 - 11/(-6)). Suppose -k - 2 = -2*k. What is the highest common divisor of k and r?
2
Suppose 6*s = 2*s - 12. Suppose -4*i = 3 + 5. Let k be ((-2)/s)/(i/(-3)). What is the highest common factor of k and 3?
1
Let c = -72 + 201. Let j be (-2)/4 + c/6. Let p(f) = f**3 - 5*f**2 - 24*f + 7. Let z be p(8). What is the highest common divisor of z and j?
7
Let t(r) = -2*r + r**2 - 2*r**2 - 2*r + 20*r. Let x be t(12). What is the highest common divisor of x and 24?
24
Let b(h) = -16*h - 16. Let k be b(-10). What is the highest common factor of k and 18?
18
Let m(r) = -6*r**2 - 7*r - 4. Let q be m(-5). Let w be 208 - (0 - 2)/2. Let z = q + w. Calculate the greatest common factor of 36 and z.
18
Let f = 11 + 29. Calculate the highest common factor of f and 16.
8
Let p = -94 - -226. Suppose 2*q = -2*k + 22, 5*q - k - 50 - 11 = 0. What is the greatest common divisor of p and q?
12
Let n = -8 - -26. Calculate the highest common factor of n and 90.
18
Suppose -b - 1980 = 4*b. Let q be ((-4)/3)/(8/b). Calculate the greatest common divisor of q and 44.
22
Let h be 0 - 0 - (13 + -73). What is the greatest common factor of h and 12?
12
Suppose 4*v - 24 = 4*g, -4*g + 2*v = -v + 25. Let c = g - -9. Let t be (-1 + c)/(-3)*-45. What is the greatest common divisor of t and 30?
15
Suppose d = 3, -5*d + 157 = 2*w - 10*d. Suppose -4*i + 3*k = -w, 3*i - 4*i - 4*k = -12. Let c = -42 - -72. What is the greatest common factor of c and i?
10
Suppose 0 = j + 2*k - 2, -k + 7 = 2*j - 0*k. Suppose 7*b = 2*b + 120. Let w = b - -4. What is the highest common divisor of j and w?
4
Suppose 4*f + b = 5*b + 36, 0 = 4*f + 2*b - 36. Let s be 1*(-3 + 2)*-1. What is the greatest common divisor of f and s?
1
Let g(r) = -5*r**3 + r**2 + r. Let q be g(-1). Suppose -4*y - j = -235, -q*j = 5*y - 4*j - 295. Calculate the highest common factor of 20 and y.
20
Let u(j) = 2*j**3 - j**2 - j + 4. Let f be u(3). Suppose 5*h - 49 = 5*y + f, 4*h + 5*y = 49. What is the greatest common divisor of 64 and h?
16
Suppose -f - 14 = 2*a + 4*f, -4*a + 5*f + 32 = 0. Let u = 4 - a. Calculate the greatest common factor of u and 4.
1
Suppose f + 7 = 25. Suppose 0 = 2*z + z - 78. Suppose -3*m = -1 - z. What is the greatest common factor of m and f?
9
Suppose 81 = 2*w + 4*f - 47, -3*f + 306 = 5*w. Suppose w = 2*d + d. Calculate the greatest common divisor of d and 50.
10
Let a be 6/4*(-208)/(-39). What is the highest common divisor of 4 and a?
4
Let r(g) = 2*g**3 - 2*g. Let d be r(3). Suppose -16 = -f - 4*a, 5*f + 3*a + a = 64. Calculate the highest common divisor of d and f.
12
Suppose 0*u - u = 0. Suppose -94 = -4*z - g, 6 + u = -3*g. Calculate the greatest common divisor of 12 and z.
12
Let k(y) = 2*y**3 + 3*y**2 - 5*y - 5. Let x be k(5). Suppose -5*o + x = -155. Calculate the highest common factor of 18 and o.
18
Suppose -1 = -2*g + 3*g. Let n = -4 + g. Let o be (-190)/(-2)*(-4)/n. Calculate the highest common divisor of 19 and o.
19
Let s(h) = -h**3 - 5*h**2 - 4*h + 5. Let x be s(-4). Suppose -w + x*w = 40. What is the highest common divisor of w and 2?
2
Suppose 3*b + 10 = x + b, 3*x - 63 = -5*b. What is the highest common divisor of x and 144?
16
Let y be 67 + (5 + -7 - -5). What is the greatest common factor of 14 and y?
14
Let c(o) = -o**3 + 4. Let t be c(0). Calculate the greatest common divisor of t and 8.
4
Let m be (((-7)/3)/(3/9))/(-1). What is the highest common divisor of m and 21?
7
Let l = 81 + -25. Suppose 5*i = l + 19. Let b = 4 + -1. Calculate the greatest common factor of b and i.
3
Suppose 72 = 4*i + m, 4*m - 2*m = 5*i - 90. What is the highest common divisor of i and 18?
18
Let u(j) = j**2 - 2*j + 5. Let g be u(9). What is the greatest common factor of 17 and g?
17
Let b(g) = -g**3 - 3*g**2 + 15*g + 18. Let m be b(-6). What is the greatest common divisor of m and 27?
9
Suppose 3*r + 4*t - 1602 = 0, 5*r + 2*t = t + 2687. Suppose 3*m - r = -5*p, -2*m - 101 - 17 = -p. Calculate the highest common divisor of 44 and p.
22
Suppose 6*d + 12 = 3*d, 0 = 3*q - 2*d - 200. What is the highest common divisor of q and 160?
32
Let y = 141 + -136. What is the greatest common factor of y and 20?
5
Suppose 0 = 2*h - 4 - 6. Suppose -3*o - h*q + 12 + 4 = 0, o + 5*q - 22 = 0. Let p be 5*3/(o/(-11)). What is the highest common factor of 11 and p?
11
Let s = 19 - 19. Let d be (0 - s) + 0 + 80. Calculate the greatest common divisor of d and 10.
10
Suppose -15*i + 130 = -2*i. What is the greatest common factor of i and 25?
5
Let n = 10 - 17. Let i = n - -20. Calculate the highest common divisor of i and 13.
13
Let z(q) = q**3 - 7*q**2 + 2*q - 4. Let k be ((-3)/(-9))/(1/15). Let r be z(k). Let i be 14/(-49) - r/7. What is the highest common factor of 2 and i?
2
Suppose -2*b - 6 = -4*n + 4, -5*n + b + 14 = 0. Suppose s = 2*s + n. Let h be 1*6 - (-4 - s). What is the greatest common factor of h and 28?
7
Let x = 7 + -5. Suppose x*c + 0*c = 18. What is the greatest common factor of c and 81?
9
Let x = -89 + 133. Let h = 6 - 4. Suppose -5*u = -4*r - 63, -h*u + u = -4*r - 19. What is the greatest common divisor of x and u?
11
Let o = 19 - 12. Calculate the greatest common factor of 21 and o.
7
Suppose -3*v = -8*q + 3*q - 15, 2*v = -4*q - 12. Suppose v = -2*p + 14 - 2. Let c(b) = -b - 2. Let u be c(-4). What is the highest common divisor of p and u?
2
Let t be 9/(-15) + ((-3138)/(-10))/3. What is the highest common divisor of t and 13?
13
Suppose 0 = x + 2*u - 4, -3*x + x - 2*u + 18 = 0. Let g be (-3)/(3/(-28)) - 1. Let n = g - x. Calculate the highest common divisor of n and 52.
13
Suppose 2*s = 8*s + 222. Let q(y) = -y**3 - 2*y**2 + 5*y - 3. Let t be q(-4). Let p be (-4 - s)*24/t. What is the highest common divisor of 8 and p?
8
Let c = 90 + -42. Let o be (-5)/((-75)/c)*5. Let f(w) = w**2 + 3*w + 4. Let y be f(-4). Calculate the greatest common divisor of y and o.
8
Suppose -9*a = -7*a - 36. What is the greatest common factor of a and 18?
18
Suppose 0 = -h + 3*h - 18. Let r = -3 + h. What is the greatest common divisor of 18 and r?
6
Let d be ((-3)/(-6))/(1/12). Suppose 3*c = 2*l + d + 5, 4*c - 11 = -l. Let g be -4*(15/12 - c). What is the highest common divisor of g and 77?
7
Let c be 8*3/(-6)*-1. What is the highest common divisor of c and 4?
4
Let p(v) = v**2 + 2*v - 5. Let j be p(-7). Let m be ((-4)/(-1) - -3) + -1. What is the highest common divisor of j and m?
6
Suppose -2*l + 15 = h, 3*l + 18 = -0*h + 3*h. What is the highest common factor of 63 and h?
9
Suppose -4*u = -j - 174, -5*u + 173 = -3*j + 2*j. Let h = 367 + j. Suppose 3*m - 14 - 49 = 0. What is the highest common divisor of m and h?
21
Let k be (-5)/(-1)*48/20. Suppose -n + 46 + 50 = 0. What is the highest common factor of n and k?
12
Suppose -32 = -3*f - 11. Let x(p) = 2*p + 1. Let o be x(f). Let i be -2 - -1 - (-9 - 2). Calculate the greatest common factor of i and o.
5
Let k(m) = m - 3*m - 2*m + 1. Let b be k(-1). What is the greatest common factor of 25 and b?
5
Suppose 0 = -k + 3. Suppose -266 - 112 = k*q. Le